 p be (-2 + (-3)/((-18)/v))*10. Suppose 0 = p*j - 20. Determine f(j).
1
Let v(h) be the second derivative of -h**4/12 + 2*h**3 - 12*h**2 - 20*h + 18. Determine v(11).
-13
Let m(o) = -o - 6. Suppose -5*i = 18 - 23. Let c be 0 + 0 + (-10 - (-7)/i). Calculate m(c).
-3
Let c be 1144 - (-10)/(-3 - -5). Suppose -203 = -11*i - c. Let j = i + 90. Let p(d) = -d**3 + 5*d**2 - 4*d + 3. Determine p(j).
3
Let i(l) = l**3 + 8*l**2 + 6*l - 6. Let j be 1 + -3 - 2 - 691. Let d = 688 + j. Determine i(d).
1
Let q = -43373 + 43377. Let l(o) = -o**3 - 2*o**2 + 2*o + 2. Determine l(q).
-86
Let u(m) = 33*m - 1087. Let a be u(33). Let r(s) be the first derivative of -s**3/3 - 2*s**2 + 3*s + 6. Calculate r(a).
-9
Let n(c) = 13*c**2 + 5*c**2 - 8 + 7*c**3 - 2*c**2 - 10*c - 4*c. Let q(s) = 3*s**3 + 8*s**2 - 7*s - 4. Let x(d) = -4*n(d) + 9*q(d). What is x(7)?
-4
Let b(n) = n**2 + 11*n - 129 + 42 + 42 + 34. Calculate b(-7).
-39
Let p(b) = -b - 24. Let c = -52 + 61. Let q(k) = -k - 11. Let i(x) = c*q(x) - 4*p(x). What is i(5)?
-28
Let j(h) be the first derivative of h**3 + 4*h**2 + 1219. What is j(1)?
11
Let h(l) = 154*l + 18*l**2 - 152*l + 31 + l**3 + 2. Let i be h(-18). Let k(f) be the first derivative of 3*f**2/2 - 2*f + 5. Calculate k(i).
-11
Let a(u) = 2*u**3 - 11*u**2 - 8*u + 2. Let k(q) = 33*q - 423. Let i be k(13). What is a(i)?
-10
Suppose 239 - 463 = 5*k - 264. Let d(w) = -2*w**2 + 14*w + 19. Calculate d(k).
3
Let m = -940 + 966. Suppose m*f = 23*f + 21. Let q(c) = -c**2 + 3*c - 3. Give q(f).
-31
Suppose -15*x + 5 = -10*x. Suppose 5 = 3*t - x. Let b(f) = -6*f**2 - t + f**2 + 12*f**2 + f - 3*f**2. Calculate b(-2).
12
Let u(n) = -9*n**2 - 9*n + 6. Let j(g) be the third derivative of -7*g**5/60 - g**4/3 + 5*g**3/6 - 51*g**2. Let a(k) = 4*j(k) - 3*u(k). What is a(-4)?
6
Let k(t) be the second derivative of 20*t + t**2 + 1/30*t**5 + 0 + 1/120*t**6 + 1/2*t**3 - 1/8*t**4. Let r(p) be the first derivative of k(p). Determine r(-3).
3
Let k(l) = -l + 20. Let r(a) = 372*a + 2228. Let t be r(-6). Give k(t).
24
Let g(y) = 5*y - 14. Let b = -15501 - -15491. Give g(b).
-64
Let g(c) = c**3 - 13*c**2 - 82*c - 38. Let f(n) = -2*n**3 + 26*n**2 + 166*n + 87. Let r(z) = -6*f(z) - 13*g(z). Give r(17).
6
Let z(a) = a**3 + 7*a**2 - 6*a - 6. Let x be (-3*(-2)/18*-51)/(-1). Suppose -39 = 7*v + x. What is z(v)?
-22
Let z(r) = -r**2 + 2*r**2 + 580903 - 580817 + 30*r. Give z(-3).
5
Let t(z) = -z - 20. Let y(i) = i**2 - 120*i + 2877. Let h be y(33). What is t(h)?
-26
Let y(t) = -t**2 + 3*t - 5. Suppose -b - 5*j = 3*b - 36, 0 = -5*b + 4*j + 4. Let w = 6 - b. Suppose -w*v + 12 = 4*o - 0*o, 4*v + 8 = 0. Determine y(o).
-9
Let z(v) = -284*v**2 - 852*v + 4. Let l be z(-3). Suppose -5*n + 13 = 4*d, 4*d + 3*n = -n + 12. Let c(o) = -d + 1 - o - 1. Calculate c(l).
-6
Let x(d) = -2. Let a(r) = -r - 11. Let k(s) = -2*s. Let p(q) = -a(q) + k(q). Let h(i) = p(i) + 4*x(i). What is h(-7)?
10
Let l(t) = -2*t**2 - 4*t. Let k = -25 - -35. Suppose -2*u - 2*r - 3*r + 29 = 0, k = -5*u + 4*r. Let d(x) = -x - 1. Let o be d(u). Determine l(o).
-6
Let r(y) = 9*y**2 + 5*y - 4. Let k be ((-1220)/(-244))/(2/(2/5)). What is r(k)?
10
Let s(v) = -3*v - 474 + 1320 - 397 - 359. What is s(27)?
9
Let s be 1/((-2)/(-2)*-1). Let g be (14 - 4) + 24/(-3). Let o(j) = -65*j**2 + 1 - 13*j**g - 4*j**3 + 77*j**2 - j + 2*j. What is o(s)?
3
Let r(g) = g**3 + 15*g**2 + 3*g + 48. Let j be r(-15). Suppose j*z + t = -t - 11, 0 = -5*z + 2*t + 3. Let p(n) = -16*n + 1. Calculate p(z).
17
Let j(m) = -52*m**2 + m**3 + 3 + 5*m + 118*m**2 - 74*m**2. Let p(x) = -3*x - 21. Let i be p(-9). What is j(i)?
-39
Let h be 7/(-27 - (-2 - 24)). Let n(c) = c**3 + c + 10 - 4*c**2 + 4*c**2 + 7*c**2. What is n(h)?
3
Let l(q) = -q**3 - 4*q**2 - 3*q - 9. Let g(k) = k**3 - 55*k + 38. Let t be g(7). Give l(t).
3
Let f(w) be the second derivative of -w**7/360 + w**6/360 + w**5/60 + 17*w**4/3 + 5*w - 1. Let u(p) be the third derivative of f(p). What is u(-1)?
-7
Suppose 0 = -64*h + 60*h - 5*k - 29, 0 = -3*h - k - 8. Let b(j) = -j - 3*j - 6*j. Give b(h).
10
Let f(l) = l**2 - 7*l - 6. Suppose q + 58 = 3*k + 6*q, 2*k - 42 = -4*q. Suppose k*p + 4*v - 24 = 9*p, -p - 5*v = -21. Determine f(p).
-12
Let u(x) = 5854*x - 29 + x**3 + 16*x**2 - 5842*x + 30. Give u(-15).
46
Let i be 5 + -5 - (-2 + 1). Let a(k) = -1. Let p(g) = -3*g - 12. Let q(l) = i*p(l) - 6*a(l). Suppose 5*o - 4*b = -3*b - 23, 5*b = -3*o + 3. Calculate q(o).
6
Let u(h) = 3449*h - 1707*h - 1723*h - 112. Calculate u(6).
2
Let i(l) be the first derivative of l**3/2 - 13*l**2 + 161*l + 235. Let f(g) be the first derivative of i(g). Calculate f(10).
4
Suppose 0 = 34*l + 50*l + 84. Let z(t) = 0*t + 5*t + 0*t. Calculate z(l).
-5
Let p(z) = 36*z + 283. Let u be p(-8). Let n = 13 - 11. Let y(j) = -j**3 - j + j + 3*j - 5*j**n - 5 - 6*j. What is y(u)?
10
Let t be 10*-21*(-14)/(-245). Let a(g) = 5*g + 13. What is a(t)?
-47
Suppose -17*v - 430*v + 1679 + 4132 = 0. Let s(g) = -4*g - 21. Calculate s(v).
-73
Let b = 25 + 19. Suppose 0*c - 5*d = c - 13, -4*c - b = -4*d. Let r(y) be the first derivative of y**4/4 + 7*y**3/3 - y**2/2 - 5*y - 40. What is r(c)?
2
Let j(v) = -v**3 + 11*v**2 - 9*v - 13. Let s be j(10). Let u be s - (-14)/3*-9. Let p be 2*(-43)/(-10) - 18/u. Let x(c) = c**3 - 9*c**2 - 3. Calculate x(p).
-3
Let b(y) = -11*y**2 + 19*y + 7. Let w(u) = -9*u**2 + 19*u + 3. Let z(j) = 5*b(j) - 6*w(j). Give z(-22).
-49
Let j(y) be the third derivative of -y**6/120 - 2*y**5/5 + 25*y**4/24 + 14*y**3/3 + 259*y**2. Determine j(-25).
28
Let i(p) = p - 7. Let m = 14385 - 14374. Determine i(m).
4
Let t(u) = -u**3 + 5*u**2 + 6*u + 4. Let b be 4 + (-434)/(-21) - 2/3. Let a be 28/(-3)*(-36)/b. Suppose 3*s = 2*h + a, 5*s - 26 = 6*h - 4*h. Give t(s).
4
Let u = -338 + 339. Let h(t) be the third derivative of 5/24*t**4 + t**2 + 0*t + 0 + 1/6*t**3. Calculate h(u).
6
Let s(w) = w**2 + 4*w - 110. Suppose 10575*l - 10576*l = 13. Determine s(l).
7
Let x(h) = -29*h - 148. Let f = 4947 + -4952. What is x(f)?
-3
Suppose -17*o - 7 = -41. Let r(f) = -3 + 779*f**2 - 9*f - 778*f**o + 5. Let u = -4 + 13. Calculate r(u).
2
Let m = 427 + -422. Let f(g) = m*g + 11 + 3*g - 2 - 2. Calculate f(-2).
-9
Let i(l) = 5*l**3 + 30*l**2 - 6*l + 8. Let w(c) = 8*c**3 + 48*c**2 - 10*c + 16. Let n(h) = -5*i(h) + 3*w(h). Suppose 0 = 3*y + 8 + 10. What is n(y)?
8
Suppose 0 = -12*u + 6*u + 54. Suppose -2*b = 3*h + 8, 0*h = b + 5*h + 18. Let k(w) = 8 + w**2 + 7 + b*w - 2 - 13*w. Give k(u).
-5
Let o(a) = a - 16. Let k be o(20). Let g(m) = -14 + 12 - 4*m + 7*m - k*m + m**2. Give g(4).
10
Let z(n) = -2*n**3 + 19*n**2 + 12*n - 18. Let c be z(10). Let a(k) = c*k - 14*k + 11*k. Suppose 4 = m - 2*h, 4*m + 5*h = 3*m + 4. Give a(m).
-4
Let d = -978 + 975. Let o(x) = -x**2 - x - 2. Calculate o(d).
-8
Suppose 0 = l + 3*f - f, -5*l = -2*f - 36. Let y(n) = -32*n**3 + 31*n**3 - 5*n**2 + 3*n - 4 - l*n. Calculate y(-3).
-13
Let o(p) = p**3 + p**2 - 15. Suppose 2*w - 4 = 0, 6*m + 50 = 4*m - w. Let r = -26 - m. Suppose r*k = 8*k. Give o(k).
-15
Let m(s) = -2*s**3 - 3453*s + 3457*s + 0 + 2*s**2 - 4. Give m(2).
-4
Suppose -3*z - 4*z = -112. Let g = z - 16. Let l(h) = -1 + 3*h + g*h - h + 5. Determine l(-6).
-8
Let d(q) = q**2 + 12*q - 35. Let h be d(-7). Let k = -74 - h. Let f(a) = a**3 + 4*a**2 - 3*a - 5. What is f(k)?
7
Let d(f) be the third derivative of 2*f**2 + 0*f - 185 - 1/60*f**5 - 7/24*f**4 + 13/6*f**3. What is d(-8)?
5
Let r(u) = 11*u**3 + 6*u - 9. Let l(z) be the third derivative of z**6/6 + 11*z**4/24 - 8*z**3/3 + 5*z**2 + 2. Let q(m) = 4*l(m) - 7*r(m). What is q(1)?
4
Let l(z) be the third derivative of -z**5/60 - 11*z**4/24 + 5*z**3/2 + 16001*z**2. Calculate l(6).
-87
Let g(i) = 7*i**3 + 14*i**2 - 4*i + 19. Let n(j) = 12*j**3 + 26*j**2 - 7*j + 38. Let c(v) = -7*g(v) + 4*n(v). Determine c(6).
19
Let z(t) = -22*t + 37. Let j(h) = 65*h - 108. Let x(v) = -4*j(v) - 13*z(v). What is x(4)?
55
Let k(l) be the third derivative of -l**4/24 - 17*l**3/3 - 5*l**2 - 3*l. Let q be k(-39). Let m(w) = -w**2 + 3*w + 7. Determine m(q).
-3
Suppose 5*u + 17 = -3*b, -13 = -2261*u + 2262*u - b. Let g(m) = -2*m**2 + 15*m + 201. Determine g(u).
-2
Let r(x) = -x - 13. Let k(l) = -2*l - 12. Let o(m) = 2*k(m) - 3*r(m). Suppose -80 = -6*i - 23*q + 21*q, -3 = i - 2*q. Calculate o(i).
4
Let o(m) = m**3 + 28